{"id":631,"date":"2017-06-26T12:25:54","date_gmt":"2017-06-26T12:25:54","guid":{"rendered":"http:\/\/lalibertaria.contrapoder.org\/?page_id=631"},"modified":"2022-07-04T01:59:30","modified_gmt":"2022-07-04T01:59:30","slug":"espace-de-contreculture-et-autogestion","status":"publish","type":"page","link":"https:\/\/lalibertaria.contrapoder.org\/es\/espace-de-contreculture-et-autogestion\/","title":{"rendered":"Espacio de Contracultura y Autogesti\u00f3n"},"content":{"rendered":"<p><img loading=\"lazy\" decoding=\"async\" class=\"aligncenter wp-image-679\" src=\"http:\/\/lalibertaria.contrapoder.org\/wp-content\/uploads\/2017\/06\/IMG-20170922-WA0009-300x225.jpg\" alt=\"\" width=\"393\" height=\"295\" srcset=\"https:\/\/lalibertaria.contrapoder.org\/wp-content\/uploads\/2017\/06\/IMG-20170922-WA0009-300x225.jpg 300w, https:\/\/lalibertaria.contrapoder.org\/wp-content\/uploads\/2017\/06\/IMG-20170922-WA0009-768x576.jpg 768w, https:\/\/lalibertaria.contrapoder.org\/wp-content\/uploads\/2017\/06\/IMG-20170922-WA0009-1024x768.jpg 1024w, https:\/\/lalibertaria.contrapoder.org\/wp-content\/uploads\/2017\/06\/IMG-20170922-WA0009-678x509.jpg 678w, https:\/\/lalibertaria.contrapoder.org\/wp-content\/uploads\/2017\/06\/IMG-20170922-WA0009-326x245.jpg 326w, https:\/\/lalibertaria.contrapoder.org\/wp-content\/uploads\/2017\/06\/IMG-20170922-WA0009-80x60.jpg 80w, https:\/\/lalibertaria.contrapoder.org\/wp-content\/uploads\/2017\/06\/IMG-20170922-WA0009.jpg 1080w\" sizes=\"auto, (max-width: 393px) 100vw, 393px\" \/><strong>En 2005 se creo el Ateneo Aut\u00f3nomo de Contracultura y Estudios Acratas con su Biblioteca Popular Libertaria &#8216;Mauro Mejiaz\u00bb y cineforo \u00abBuenaventura Durruti\u00bb en Biscucuy, luego se mudo en el parque nacional Dinira Estado Lara, Municipio Moran ,donde no se pudo construir el Ateneo porque no dan permiso en el parque, ahora hemos comprado una finca de 4 hect\u00e1reas en Hato arriba a 1800m de altura (gracias a la recaudaci\u00f3n de fondos en la gira por Francia y Suiza ademas de trabajos personales en fincas de Suiza), adecuado para el proyecto, el cual se llamara ahora Espacio de Contracultura y Autogestion \u00abLa Libertaria\u00bb .<\/strong><\/p>\n<p class=\"western\" align=\"left\"><strong><span style=\"color: #000000;\"><span style=\"font-family: Comic Sans MS;\"><span style=\"font-size: medium;\">El Espacio de Contracultura y Autogestion \u00abLa Libertaria\u00bb es una organizaci\u00f3n independiente sin vinculaci\u00f3n partidista ni fines de lucro, cuyos objetivos primordiales son el estudio y la difusi\u00f3n de valores como la autogesti\u00f3n, la autonom\u00eda, el apoyo mutuo, la solidaridad, la justicia, la equidad social, la conciencia ambiental y el libre-pensamiento.<\/span><\/span><\/span><\/strong><\/p>\n<p class=\"western\" align=\"left\"><strong><span style=\"color: #000000;\"><span style=\"font-family: Comic Sans MS;\"><span style=\"font-size: medium;\">Actuando para favorecer la practica y el conocimiento de las culturas alternativas llamadas \u00abContraculturas\u00bb entendiendo el termino como expresiones y acciones estimulantes y liberadoras para nuestro esp\u00edritu, como la m\u00fasica, la fotografi\u00e1, la pintura, el teatro, el performance, el grafismo, el reciclaje, la poes\u00eda, el debate, los video-foros, entre otras, con las cuales intentamos reconsiderar la cultura como una verdadera herramienta de comunicaci\u00f3n que sea accesible a todxs, y no como un producto de lujo reservado para una \u00e9lite, porque nunca olvidamos que \u00abEl dinero es un medio, no una meta!\u00bb<\/span><\/span><\/span><\/strong><\/p>\n<p class=\"western\" align=\"left\"><strong><span style=\"color: #000000;\"><span style=\"font-family: Comic Sans MS;\"><span style=\"font-size: medium;\">Este cuenta con:<br \/>&#8211; la Biblioteca Popular Libertaria \u00abMauro Mejiaz\u00bb abierta toda la semana con clases de ingles, franc\u00e9s y tareas dirigidas etc&#8230;<br \/>&#8211; el cine Buenaventura Durruti 2 veces a la semana.<br \/>&#8211; el Encuentro Social Alternativo cada mes de febrero<br \/><\/span><\/span><\/span><\/strong><\/p>\n<hr \/>\n<p><img loading=\"lazy\" decoding=\"async\" class=\"aligncenter size-medium wp-image-680\" src=\"http:\/\/lalibertaria.contrapoder.org\/wp-content\/uploads\/2017\/06\/IMG-20170922-WA0014-300x225.jpg\" alt=\"\" width=\"300\" height=\"225\" srcset=\"https:\/\/lalibertaria.contrapoder.org\/wp-content\/uploads\/2017\/06\/IMG-20170922-WA0014-300x225.jpg 300w, https:\/\/lalibertaria.contrapoder.org\/wp-content\/uploads\/2017\/06\/IMG-20170922-WA0014-768x576.jpg 768w, https:\/\/lalibertaria.contrapoder.org\/wp-content\/uploads\/2017\/06\/IMG-20170922-WA0014-1024x768.jpg 1024w, https:\/\/lalibertaria.contrapoder.org\/wp-content\/uploads\/2017\/06\/IMG-20170922-WA0014-678x509.jpg 678w, https:\/\/lalibertaria.contrapoder.org\/wp-content\/uploads\/2017\/06\/IMG-20170922-WA0014-326x245.jpg 326w, https:\/\/lalibertaria.contrapoder.org\/wp-content\/uploads\/2017\/06\/IMG-20170922-WA0014-80x60.jpg 80w, https:\/\/lalibertaria.contrapoder.org\/wp-content\/uploads\/2017\/06\/IMG-20170922-WA0014.jpg 1080w\" sizes=\"auto, (max-width: 300px) 100vw, 300px\" \/><\/p>\n<p><strong>Tenemos a disposici\u00f3n un veh\u00edculo para cargar los exponentes del ESA, las donaciones para el espacio&#8230;<\/strong><img loading=\"lazy\" decoding=\"async\" class=\"aligncenter size-medium wp-image-1048\" src=\"http:\/\/lalibertaria.contrapoder.org\/wp-content\/uploads\/2019\/06\/1557933503249-300x225.jpg\" alt=\"\" width=\"300\" height=\"225\" srcset=\"https:\/\/lalibertaria.contrapoder.org\/wp-content\/uploads\/2019\/06\/1557933503249-300x225.jpg 300w, https:\/\/lalibertaria.contrapoder.org\/wp-content\/uploads\/2019\/06\/1557933503249-768x576.jpg 768w, https:\/\/lalibertaria.contrapoder.org\/wp-content\/uploads\/2019\/06\/1557933503249-1024x768.jpg 1024w\" sizes=\"auto, (max-width: 300px) 100vw, 300px\" \/><\/p>\n\n\n<p class=\"has-text-align-center has-medium-font-size\"><strong>ALLI VAN ALGUNOS LINEAS INSIGNIFICANTES PARA CONTAR UNA PEQUE\u00d1A HISTORIA CONTRACULTURAMENTE CORRECTA (\u00bf?)<\/strong><\/p>\n\n\n\n<p class=\"has-black-color has-text-color\"><strong><br>Hab\u00eda una vez en F-rancia, dos hermanos de sangre mezclada , traumatizados desde la escuela por el racismo ambiente. En 1984 el mayor se pone vegetariano por amor y respecto a los animales, despu\u00e9s de haber descubierto Crass, Subhumans, Dead Kennedy&#8217;s, B\u00e9rurier Noir\u2026en 1985, este decide despertar el punk que tenia adentro. Logra despertar su hermano para fundar un funzine de propaganda (\u00abanti\u00bb 1987-1989) , un bolet\u00edn gratuito de contra-informaci\u00f3n (\u00abkoidneuf\u00bb 89-90) as\u00ed que un sello de producci\u00f3n y de distribuci\u00f3n de ruidos y de im\u00e1genes (\u00abalternativnoise\u00bb 88-93). En 1989 \u00abesteban\u00bb sufre un linchamiento por parte de boneheads, de all\u00ed \u00abmacario\u00bb tomo las cosas en mano al nivel del correo y distribuci\u00f3n.<br>En 1992,despu\u00e9s de 5 a\u00f1os de activismo voluntario, los dos hermanos de sangre deciden seguir su camino cada uno por su lado por lo que uno era sedentario y el otro n\u00f3mada:<br><br>-\u00abEsteban\u00bb sigue la Tribu Pyrophore durante 10 espect\u00e1culos inolvidables , se concentra en la organizaci\u00f3n de conciertos para grupos como AMD, Tears of a doll(\u2026) da la vuelta de Francia poniendo feria en todo los conciertos y festivales posible , despu\u00e9s de un a\u00f1o en una ocupa punk en el \u00abGarage\u00bb (G\u00e9nova -Suiza) por no pagar servicio, vuelve para Francia logrando sacarse del servicio militar sin pagar c\u00e1rcel ni estar internado en psicatria, libre como el viento abre el primero Muzik Info Shop \u00abalternativnoise\u00bb en Ly\u00f3n entre 94 y 95 y se centra en el taller de serigraf\u00eda \u00abdespierta\u00bb , entra en la pandilla de los Tromatism (HxC punk con teatro) durante varias giras europeas (93-96) poniendo la feria, sacando las camisetas del grupo y pogotiando, ayuda en la organizaci\u00f3n de conciertos en el \u00abwoltniza\u00bb y participa en muchas ocupas con punketos vegetarianos y malabaristas apodados los \u00abfreaks\u00bb; despu\u00e9s de la llegada de la derecha al poder en 1995, agarra la monta\u00f1a donde abre el 2do muzik info. shop \u00abangrykultur\u00bb (1999-2003), aprende a trabajar la tierra con caballos y ganado durante 8 a\u00f1os. En el 2003 el \u00abenano de las monta\u00f1as\u00bb se muda para Venezuela a conocer sus ra\u00edces y averiguar si empiezo la revoluci\u00f3n tan esperada, se pone en contacto y colabora con la C.R.A y El Libertario, el 2 de Mayo 2005 abre el Ateneo Aut\u00f3nomo de Contracultura y Estudios Acratas (2ndo Centro de Estudios Sociales Libertarios) en Biscucuy y organiza las primeras jornadas Anarkopunk y Comunitarias afuera de la capital\u2026hasta ahora nada ni nadie lo puede parar y tampoco asustar\u2026<br><br>-\u00abmacario\u00bb sigue el camino del difunto-Alternativnoise con una nueva estructura asociativa respondiendo al suave nombre de \u00ab!angrr!, desarrollando una red de difusi\u00f3n por correo \u2013con mas de 2000 referencias (discos vinilos, CDS, cintas, camisetas, libros, zines, revistas, comicitas, postales, videos\u2026) y abri\u00e9ndose a diversos horizontes sonoros (del rock&#8217;n&#8217;roll al grind pasando por el punk, la pop, el ska, el industrial, el jazz, el rap y tantas otras sonoridades folkl\u00f3ricas, electr\u00f3nicas, experimentales, etc\u2026) y visuales (grafismo, fotograf\u00eda, pintura, escritura, video, animaci\u00f3n, colage, etc.) &#8211; as\u00ed que realizando algunos proyectos mezclando los placeres del ojo y del o\u00eddo, tambi\u00e9n en 1995, el \u00abenano de la cuidad\u00bb abre \u2013 con otros amig@s- \u00bb le kiosk\u00bb en Par\u00eds y ha participado en varios proyectos musicales (\u00abcopyright\u00bb, \u00abcopywrong\u00bb, \u00bb audio superstar\u00bb, \u00abdance kennedy&#8217;s\u00bb, \u00abunlogistic\u00bb, \u00abmustapha moustache\u00bb y \u00faltimamente \u00abstanley kubi\u00bb), como quiera que sea, es con la ira que \u00abmacario\u00bb sigue la onda.<\/strong><\/p>\n","protected":false},"excerpt":{"rendered":"<p>En 2005 se creo el Ateneo Aut\u00f3nomo de Contracultura y Estudios Acratas con su Biblioteca Popular Libertaria &#8216;Mauro Mejiaz\u00bb y cineforo \u00abBuenaventura Durruti\u00bb en Biscucuy, luego se mudo en el parque nacional Dinira Estado Lara, Municipio Moran ,donde no se pudo construir el Ateneo porque no dan permiso en el&#8230; <a class=\"continue-reading-link\" href=\"https:\/\/lalibertaria.contrapoder.org\/es\/espace-de-contreculture-et-autogestion\/\">Continue reading<\/a><\/p>\n","protected":false},"author":1,"featured_media":0,"parent":0,"menu_order":4,"comment_status":"closed","ping_status":"closed","template":"","meta":{"footnotes":""},"class_list":["post-631","page","type-page","status-publish","hentry"],"_links":{"self":[{"href":"https:\/\/lalibertaria.contrapoder.org\/es\/wp-json\/wp\/v2\/pages\/631","targetHints":{"allow":["GET"]}}],"collection":[{"href":"https:\/\/lalibertaria.contrapoder.org\/es\/wp-json\/wp\/v2\/pages"}],"about":[{"href":"https:\/\/lalibertaria.contrapoder.org\/es\/wp-json\/wp\/v2\/types\/page"}],"author":[{"embeddable":true,"href":"https:\/\/lalibertaria.contrapoder.org\/es\/wp-json\/wp\/v2\/users\/1"}],"replies":[{"embeddable":true,"href":"https:\/\/lalibertaria.contrapoder.org\/es\/wp-json\/wp\/v2\/comments?post=631"}],"version-history":[{"count":29,"href":"https:\/\/lalibertaria.contrapoder.org\/es\/wp-json\/wp\/v2\/pages\/631\/revisions"}],"predecessor-version":[{"id":1448,"href":"https:\/\/lalibertaria.contrapoder.org\/es\/wp-json\/wp\/v2\/pages\/631\/revisions\/1448"}],"wp:attachment":[{"href":"https:\/\/lalibertaria.contrapoder.org\/es\/wp-json\/wp\/v2\/media?parent=631"}],"curies":[{"name":"wp","href":"https:\/\/api.w.org\/{rel}","templated":true}]}}

Espacio de Contracultura y Autogestión

<p><img loading="lazy" decoding="async" class="aligncenter wp-image-679" src="http://lalibertaria.contrapoder.org/wp-content/uploads/2017/06/IMG-20170922-WA0009-300x225.jpg" alt="" width="393" height="295" srcset="https://lalibertaria.contrapoder.org/wp-content/uploads/2017/06/IMG-20170922-WA0009-300x225.jpg 300w, https://lalibertaria.contrapoder.org/wp-content/uploads/2017/06/IMG-20170922-WA0009-768x576.jpg 768w, https://lalibertaria.contrapoder.org/wp-content/uploads/2017/06/IMG-20170922-WA0009-1024x768.jpg 1024w, https://lalibertaria.contrapoder.org/wp-content/uploads/2017/06/IMG-20170922-WA0009-678x509.jpg 678w, https://lalibertaria.contrapoder.org/wp-content/uploads/2017/06/IMG-20170922-WA0009-326x245.jpg 326w, https://lalibertaria.contrapoder.org/wp-content/uploads/2017/06/IMG-20170922-WA0009-80x60.jpg 80w, https://lalibertaria.contrapoder.org/wp-content/uploads/2017/06/IMG-20170922-WA0009.jpg 1080w" sizes="auto, (max-width: 393px) 100vw, 393px" /><strong>En 2005 se creo el Ateneo Autónomo de Contracultura y Estudios Acratas con su Biblioteca Popular Libertaria &#8216;Mauro Mejiaz» y cineforo «Buenaventura Durruti» en Biscucuy, luego se mudo en el parque nacional Dinira Estado Lara, Municipio Moran ,donde no se pudo construir el Ateneo porque no dan permiso en el parque, ahora hemos comprado una finca de 4 hectáreas en Hato arriba a 1800m de altura (gracias a la recaudación de fondos en la gira por Francia y Suiza ademas de trabajos personales en fincas de Suiza), adecuado para el proyecto, el cual se llamara ahora Espacio de Contracultura y Autogestion «La Libertaria» .</strong></p>
<p class="western" align="left"><strong><span style="color: #000000;"><span style="font-family: Comic Sans MS;"><span style="font-size: medium;">El Espacio de Contracultura y Autogestion «La Libertaria» es una organización independiente sin vinculación partidista ni fines de lucro, cuyos objetivos primordiales son el estudio y la difusión de valores como la autogestión, la autonomía, el apoyo mutuo, la solidaridad, la justicia, la equidad social, la conciencia ambiental y el libre-pensamiento.</span></span></span></strong></p>
<p class="western" align="left"><strong><span style="color: #000000;"><span style="font-family: Comic Sans MS;"><span style="font-size: medium;">Actuando para favorecer la practica y el conocimiento de las culturas alternativas llamadas «Contraculturas» entendiendo el termino como expresiones y acciones estimulantes y liberadoras para nuestro espíritu, como la música, la fotografiá, la pintura, el teatro, el performance, el grafismo, el reciclaje, la poesía, el debate, los video-foros, entre otras, con las cuales intentamos reconsiderar la cultura como una verdadera herramienta de comunicación que sea accesible a todxs, y no como un producto de lujo reservado para una élite, porque nunca olvidamos que «El dinero es un medio, no una meta!»</span></span></span></strong></p>
<p class="western" align="left"><strong><span style="color: #000000;"><span style="font-family: Comic Sans MS;"><span style="font-size: medium;">Este cuenta con:<br />&#8211; la Biblioteca Popular Libertaria «Mauro Mejiaz» abierta toda la semana con clases de ingles, francés y tareas dirigidas etc&#8230;<br />&#8211; el cine Buenaventura Durruti 2 veces a la semana.<br />&#8211; el Encuentro Social Alternativo cada mes de febrero<br /></span></span></span></strong></p>
<hr />
<p><img loading="lazy" decoding="async" class="aligncenter size-medium wp-image-680" src="http://lalibertaria.contrapoder.org/wp-content/uploads/2017/06/IMG-20170922-WA0014-300x225.jpg" alt="" width="300" height="225" srcset="https://lalibertaria.contrapoder.org/wp-content/uploads/2017/06/IMG-20170922-WA0014-300x225.jpg 300w, https://lalibertaria.contrapoder.org/wp-content/uploads/2017/06/IMG-20170922-WA0014-768x576.jpg 768w, https://lalibertaria.contrapoder.org/wp-content/uploads/2017/06/IMG-20170922-WA0014-1024x768.jpg 1024w, https://lalibertaria.contrapoder.org/wp-content/uploads/2017/06/IMG-20170922-WA0014-678x509.jpg 678w, https://lalibertaria.contrapoder.org/wp-content/uploads/2017/06/IMG-20170922-WA0014-326x245.jpg 326w, https://lalibertaria.contrapoder.org/wp-content/uploads/2017/06/IMG-20170922-WA0014-80x60.jpg 80w, https://lalibertaria.contrapoder.org/wp-content/uploads/2017/06/IMG-20170922-WA0014.jpg 1080w" sizes="auto, (max-width: 300px) 100vw, 300px" /></p>
<p><strong>Tenemos a disposición un vehículo para cargar los exponentes del ESA, las donaciones para el espacio&#8230;</strong><img loading="lazy" decoding="async" class="aligncenter size-medium wp-image-1048" src="http://lalibertaria.contrapoder.org/wp-content/uploads/2019/06/1557933503249-300x225.jpg" alt="" width="300" height="225" srcset="https://lalibertaria.contrapoder.org/wp-content/uploads/2019/06/1557933503249-300x225.jpg 300w, https://lalibertaria.contrapoder.org/wp-content/uploads/2019/06/1557933503249-768x576.jpg 768w, https://lalibertaria.contrapoder.org/wp-content/uploads/2019/06/1557933503249-1024x768.jpg 1024w" sizes="auto, (max-width: 300px) 100vw, 300px" /></p>


<p class="has-text-align-center has-medium-font-size"><strong>ALLI VAN ALGUNOS LINEAS INSIGNIFICANTES PARA CONTAR UNA PEQUEÑA HISTORIA CONTRACULTURAMENTE CORRECTA (¿?)</strong></p>



<p class="has-black-color has-text-color"><strong><br>Había una vez en F-rancia, dos hermanos de sangre mezclada , traumatizados desde la escuela por el racismo ambiente. En 1984 el mayor se pone vegetariano por amor y respecto a los animales, después de haber descubierto Crass, Subhumans, Dead Kennedy&#8217;s, Bérurier Noir…en 1985, este decide despertar el punk que tenia adentro. Logra despertar su hermano para fundar un funzine de propaganda («anti» 1987-1989) , un boletín gratuito de contra-información («koidneuf» 89-90) así que un sello de producción y de distribución de ruidos y de imágenes («alternativnoise» 88-93). En 1989 «esteban» sufre un linchamiento por parte de boneheads, de allí «macario» tomo las cosas en mano al nivel del correo y distribución.<br>En 1992,después de 5 años de activismo voluntario, los dos hermanos de sangre deciden seguir su camino cada uno por su lado por lo que uno era sedentario y el otro nómada:<br><br>-«Esteban» sigue la Tribu Pyrophore durante 10 espectáculos inolvidables , se concentra en la organización de conciertos para grupos como AMD, Tears of a doll(…) da la vuelta de Francia poniendo feria en todo los conciertos y festivales posible , después de un año en una ocupa punk en el «Garage» (Génova -Suiza) por no pagar servicio, vuelve para Francia logrando sacarse del servicio militar sin pagar cárcel ni estar internado en psicatria, libre como el viento abre el primero Muzik Info Shop «alternativnoise» en Lyón entre 94 y 95 y se centra en el taller de serigrafía «despierta» , entra en la pandilla de los Tromatism (HxC punk con teatro) durante varias giras europeas (93-96) poniendo la feria, sacando las camisetas del grupo y pogotiando, ayuda en la organización de conciertos en el «woltniza» y participa en muchas ocupas con punketos vegetarianos y malabaristas apodados los «freaks»; después de la llegada de la derecha al poder en 1995, agarra la montaña donde abre el 2do muzik info. shop «angrykultur» (1999-2003), aprende a trabajar la tierra con caballos y ganado durante 8 años. En el 2003 el «enano de las montañas» se muda para Venezuela a conocer sus raíces y averiguar si empiezo la revolución tan esperada, se pone en contacto y colabora con la C.R.A y El Libertario, el 2 de Mayo 2005 abre el Ateneo Autónomo de Contracultura y Estudios Acratas (2ndo Centro de Estudios Sociales Libertarios) en Biscucuy y organiza las primeras jornadas Anarkopunk y Comunitarias afuera de la capital…hasta ahora nada ni nadie lo puede parar y tampoco asustar…<br><br>-«macario» sigue el camino del difunto-Alternativnoise con una nueva estructura asociativa respondiendo al suave nombre de «!angrr!, desarrollando una red de difusión por correo –con mas de 2000 referencias (discos vinilos, CDS, cintas, camisetas, libros, zines, revistas, comicitas, postales, videos…) y abriéndose a diversos horizontes sonoros (del rock&#8217;n&#8217;roll al grind pasando por el punk, la pop, el ska, el industrial, el jazz, el rap y tantas otras sonoridades folklóricas, electrónicas, experimentales, etc…) y visuales (grafismo, fotografía, pintura, escritura, video, animación, colage, etc.) &#8211; así que realizando algunos proyectos mezclando los placeres del ojo y del oído, también en 1995, el «enano de la cuidad» abre – con otros amig@s- » le kiosk» en París y ha participado en varios proyectos musicales («copyright», «copywrong», » audio superstar», «dance kennedy&#8217;s», «unlogistic», «mustapha moustache» y últimamente «stanley kubi»), como quiera que sea, es con la ira que «macario» sigue la onda.</strong></p>

<p>En 2005 se creo el Ateneo Autónomo de Contracultura y Estudios Acratas con su Biblioteca Popular Libertaria &#8216;Mauro Mejiaz» y cineforo «Buenaventura Durruti» en Biscucuy, luego se mudo en el parque nacional Dinira Estado Lara, Municipio Moran ,donde no se pudo construir el Ateneo porque no dan permiso en el&#8230; <a class="continue-reading-link" href="https://lalibertaria.contrapoder.org/es/espace-de-contreculture-et-autogestion/">Continue reading</a></p>
